digit of a(8)?
3
Let j = 17 + -22. Let k(r) = r**2 - 5*r - 2. What is the tens digit of k(j)?
4
Let l(b) = -b**2 - 11*b - 7. Let j = -18 + 11. What is the units digit of l(j)?
1
Let b(i) = -i**2 - 5*i + 3. Let w = -9 - -4. Let x be b(w). Suppose -2*z + 75 = x*z. What is the units digit of z?
5
Suppose -4*m + 90 = -m. Let p be (-1)/((-1)/m) + 2. Suppose -2*f - 8 = -4*a, 2*a = -3*a - 3*f + p. What is the units digit of a?
4
Let t(x) = -x**2 + 4*x + 2. Let m be t(4). Suppose -m*h = -0 - 4. Suppose -2*i + 5*j = 1, 5*i - h*j - 22 = i. What is the units digit of i?
7
Let k be 3/15 + (-19)/(-5). Let s = -4 - -7. Suppose 0 = s*w + k - 22. What is the units digit of w?
6
Let g(z) = -z - 1. Let r be (3/(-1))/(6/4). What is the units digit of g(r)?
1
Let b(u) = u**2 - 6*u. Let w be b(7). Let k = w - 5. Suppose k*j - 1 = 13. What is the units digit of j?
7
Suppose 4*h = -8 - 0. Let b = h - -9. What is the units digit of b?
7
Suppose -u - 4*q - 3 = 0, q = 3*u + 20 + 2. Let a be 1*(-3)/(-3)*u. What is the units digit of a*(2 - (1 - -2))?
7
What is the tens digit of 244/(-5 + 9) + (-1)/(-1)?
6
Suppose -q + 3*v = -8, 20 = -0*q + 3*q - 5*v. Suppose -2 + 1 = -t - 4*h, 5*h = q*t - 80. What is the tens digit of t?
1
What is the units digit of (-4)/(-6) - 122/(-6)?
1
Let o = 8 + -6. Suppose 2*g - o*i = -2, 4*i - 4 + 27 = -5*g. What is the tens digit of ((-4)/(-2))/(g/(-21))?
1
Suppose 2*v = -0*v + 52. What is the units digit of v?
6
What is the tens digit of (-9184)/(-176) + 4/(-22)?
5
Let f = 16 + -10. What is the tens digit of (148/f)/(6/9)?
3
Let t(r) = r**2 - 3. What is the units digit of t(2)?
1
Let y(c) = c**3 - c**2 - 2*c + 2. Let s(a) = -2*a**3 + 3*a**2 + 4*a - 4. Let b(k) = 2*s(k) + 5*y(k). What is the tens digit of b(2)?
1
Let i = 5 + 66. What is the units digit of i?
1
Let u(b) = -b**3 + 2. Let r be u(3). Let n = r - -49. What is the units digit of n/(-16)*(-8)/3?
4
Let x(c) = c**3 - c**2 + c + 4. Let q be x(0). Let a be (-1)/((-2)/q*-2). What is the units digit of 5 + 0 + 2 + a?
6
Let v(m) = -8*m + 2. What is the units digit of v(-5)?
2
Suppose 3*v + 3*v - 498 = 0. What is the units digit of v?
3
Suppose -198 = -3*x - 3*u, -4*u + 142 = 2*x + 18. What is the units digit of x?
0
Let t = 9 + 20. Let a = t + -19. What is the units digit of a?
0
Let k = 37 + -21. What is the tens digit of k?
1
Suppose 2*w - 20 = -2*s, -2*w = -3*s + 1 + 9. Suppose -4 = -5*h + s. What is the units digit of -12*-1*h/6?
4
Suppose -57 = -q - 3*o, 5*q - 114 = o + 171. Let c = q - 11. What is the units digit of c?
6
Let h = 12 + -5. Let p = 9 + h. What is the tens digit of p?
1
Let l be ((-12)/(-9))/(4/6). Suppose l*h = -h + 30. What is the tens digit of h?
1
Suppose -2*s + 19 = -s. What is the tens digit of s?
1
Suppose -b = -x + 6, -2*x + 4*b + 25 = 3*x. What is the units digit of x?
1
Let j(q) = q + 12. Let b be j(-6). Let v be b/(-3 + (3 - 1)). Let u(p) = -p + 1. What is the units digit of u(v)?
7
Suppose 120 + 198 = 3*s. What is the hundreds digit of s?
1
Suppose 0 = a - 3 - 16. What is the tens digit of (7 - a)*(0 - 1)?
1
Suppose 0 = 4*s - 2*s + 8. Let a = 6 + s. What is the units digit of a?
2
What is the units digit of 98 + (-3 - 0) + 1?
6
Suppose 0 = 4*l - 5*o - 55, 2*l - 19 - 31 = -2*o. What is the units digit of l?
0
Let f = -1 - -10. What is the units digit of f?
9
Let o(u) = -u**3 + 4*u**2. What is the units digit of o(3)?
9
Suppose 32 = 4*i + 2*l - 0*l, -i + 2*l + 3 = 0. Suppose -i - 1 = -4*p. Suppose -3*a - 2 = p*d - 0*d, -4*a = 2*d. What is the units digit of a?
2
Suppose 6*d - 4*k - 299 = 3*d, k - 529 = -5*d. What is the hundreds digit of d?
1
Let z(n) = 5*n + 13. Let t(y) = -3*y - 6. Let v(p) = -7*t(p) - 4*z(p). Let u be v(8). Let f = 5 - u. What is the units digit of f?
7
Let m = 7 + -7. Suppose 2*w + 0*w - 6 = m. What is the units digit of w?
3
Let f = 21 + -38. Let l = -6 - f. What is the units digit of l?
1
Let f = -2 - -1. Let p = f - -6. Suppose 0 = 3*s - 4*z - 14 - 13, -37 = -p*s + 4*z. What is the units digit of s?
5
What is the tens digit of (-152)/(-11) + 20/110?
1
Suppose -3 = w - 12. Let t(p) = p**2 - 9*p + 12. What is the units digit of t(w)?
2
Let f(d) = -2*d - 8. Let g be f(-8). What is the units digit of 10 + -7 - g/(-2)?
7
Let g(w) = -3*w**3 - w. Let u be g(-1). Suppose 0 = u*n - 11 - 5. Let f(h) = h**2 - 2*h + 2. What is the tens digit of f(n)?
1
Let z be 21 + -5 + -1 + 3. Suppose -z = -3*p + 2*p + 3*i, -5*p + i = -20. Let o = p + 8. What is the units digit of o?
1
Suppose -3 = -3*b + 3. Suppose p = 4*u + 13, b*u - 4 - 22 = -2*p. What is the tens digit of p?
1
Suppose 0 = 11*l - 14*l + 171. What is the units digit of l?
7
Let t = 63 + -39. Suppose -j + t = j. What is the units digit of j?
2
Let v(o) = 8*o**3 - 4*o**2 - 4*o - 1. Let l(a) = 9*a**3 - 5*a**2 - 5*a - 1. Let p(g) = 6*l(g) - 7*v(g). What is the units digit of p(-2)?
3
Suppose -5*j + h = -25, j + h + 9 = 4*h. Suppose c - 9 = -0*y - y, -y = 4*c + j. What is the tens digit of y?
1
Suppose -5*f - 225 = -8*f. What is the tens digit of f?
7
Suppose -2*f = -3*t + 10, -t = 2*f - 4 - 2. Suppose -i = 3*i - t. What is the units digit of i?
1
What is the hundreds digit of (20/30)/((-2)/9) - -383?
3
What is the tens digit of 657/21 + (-4)/14?
3
Suppose l - 5 = 2. What is the units digit of l?
7
Suppose -3*y - 1 = -13. Let d = y - -1. What is the units digit of d?
5
Let l(t) = 9*t - 21. What is the tens digit of l(13)?
9
Let t = 3 + 2. Suppose 1 = -t*o + 6. What is the units digit of o?
1
Let h(w) = -15*w**2 + 7*w**2 + 3*w**2 + 9 + 10*w + 7*w**2. What is the units digit of h(-7)?
7
Suppose 0 = -3*v + 31 - 7. Let i = v + -15. What is the units digit of (i/(-21))/(2/30)?
5
Suppose -p - 6 = 2*u, 0 = 2*p + 2*u + 15 - 3. Let r = p + 12. What is the units digit of r?
6
Suppose 0 = -7*u + 9*u - 24. What is the tens digit of u?
1
Let k be (-2)/6 + 7/3. Let c = k - -2. What is the units digit of c?
4
Suppose 1 + 1 = -4*k + m, -2*k - 4 = -2*m. Let n = k + 2. What is the units digit of n?
2
Let m(d) = -d. What is the units digit of m(-13)?
3
Let m = 26 - 36. What is the units digit of (-5)/m*1*2?
1
Let o(c) = -24*c + 20. What is the tens digit of o(-5)?
4
What is the units digit of 46 - -2*(-3)/(-2)?
9
Let m = 2 - -13. What is the tens digit of m?
1
Let n be 4 - 2 - (-1 - -2). Let k = n + -1. Suppose b + k - 4 = 0. What is the units digit of b?
4
What is the units digit of 3*-3*(-3)/27?
1
Suppose 133 + 553 = 7*j. What is the tens digit of j?
9
What is the units digit of (-9)/6 + 123/2?
0
Suppose -2 = 2*m - 14. What is the units digit of ((-2)/m)/(4/(-300))?
5
Let l(u) = -3*u - 14. What is the units digit of l(-6)?
4
Let m(f) = 12 + 9 - 7 + f. What is the units digit of m(-6)?
8
Let w(s) = -s + 8. Let g be w(6). Let y be g + 0 + 4/(-2). What is the units digit of (-2)/(2 + y) - -20?
9
Let a(f) = -f**3 + 5*f**2 + 7*f. What is the units digit of a(5)?
5
Suppose n - 17 + 1 = 0. Suppose 3*z - 3*r = 21, -2*r - 3 = -3*z + n. What is the units digit of z?
5
Let c(t) = 11*t + 4*t**2 - 5 + 2*t**2 - 5*t**2. What is the tens digit of c(-13)?
2
Suppose -3*b + 3*g = -0*g - 168, -5*b + 260 = -g. Suppose 3*y - 18 = y - 2*v, b = 4*y + v. What is the units digit of 3/1 - (2 - y)?
5
Let r(x) = -3*x - 10. Let z(n) = -n - 10. Let h be z(-7). Let o be 20/h + 1/(-3). What is the units digit of r(o)?
1
Let p(s) = 5*s**2 - 2*s + 1. Let r be p(2). Let g = 11 + -10. What is the units digit of r + -5 + g*3?
5
Suppose -49 = 3*d + 20. Suppose -6*n + 2*n - 35 = -5*v, 0 = 2*n + 2*v + 22. Let o = n - d. What is the tens digit of o?
1
Let b(k) = -k**2 + 4*k + 5. Let o be b(4). Suppose o*i + 0*i - 30 = 0. What is the units digit of i?
6
Let f be (-1)/(-3) + (-44)/(-3). Let r(w) = 2*w - 19. What is the tens digit of r(f)?
1
Let v(t) = 10 - 5*t - t + 3*t + 2*t. What is the units digit of v(9)?
1
Suppose -19 + 15 = 2*r. What is the units digit of r + 4 + (-4 - -3)?
1
Suppose b + 8 = -4. Let z be 3/4 + (-3)/b. Let d = z - 0. What is the units digit of d?
1
Suppose 5*x + 1 = 6*x. Let f(h) = -h - 3 + 3*h + 0*h**2 + 10*h**2 + 2. What is the tens digit of f(x)?
1
Suppose -5*t = -1 - 14. Let b(c) = -c**3 + c. Let x(m) = -3*m**3 - m + 2. Let h(w) = -4*b(w) + x(w). What is the units digit of h(t)?
4
Let q be (14/35)/(1/10). Suppose o + q*o = 85. What